{"id":723,"date":"2023-11-27T13:11:39","date_gmt":"2023-11-27T19:11:39","guid":{"rendered":"http:\/\/umojn.edu.ni\/?page_id=723"},"modified":"2023-11-27T13:35:50","modified_gmt":"2023-11-27T19:35:50","slug":"fundacion-ortiz-gurdian","status":"publish","type":"page","link":"https:\/\/umojn.edu.ni\/index.php\/fundacion-ortiz-gurdian\/","title":{"rendered":"Fundaci\u00f3n Ortiz Gurdi\u00e1n"},"content":{"rendered":"\n<h2 class=\"wp-block-heading\">CONVENIO CON<br>FUNDACI\u00d3N ORTIZ GURDI\u00c1N.<\/h2>\n\n\n\n<p>En el mes de febrero del a\u00f1o 2021, se firma el convenio marco entre la Universidad de Medicina Oriental Jap\u00f3n Nicaragua (UMO-JN) y la Fundaci\u00f3n Ortiz Gurdi\u00e1n (FOG) con el objetivo de fortalecer los v\u00ednculos\u00a0de colaboraci\u00f3n entre ambas instituciones en la lucha contra el c\u00e1ncer de mama en Nicaragua.<\/p>\n\n\n<div class=\"wp-block-image\">\n<figure class=\"aligncenter size-full is-resized\"><img loading=\"lazy\" decoding=\"async\" width=\"1342\" height=\"1000\" src=\"https:\/\/umojn.edu.ni\/wp-content\/uploads\/2023\/11\/FUNDACION-ORTIZ-GURDIAN-2.jpg\" alt=\"\" class=\"wp-image-748\" style=\"width:635px;height:auto\"\/><\/figure>\n<\/div>","protected":false},"excerpt":{"rendered":"<p>CONVENIO CONFUNDACI\u00d3N ORTIZ GURDI\u00c1N. En el mes de febrero del a\u00f1o 2021, se firma el convenio marco entre la Universidad de Medicina Oriental Jap\u00f3n Nicaragua (UMO-JN) y la Fundaci\u00f3n Ortiz Gurdi\u00e1n (FOG) con el objetivo de fortalecer los v\u00ednculos\u00a0de colaboraci\u00f3n entre ambas instituciones en la lucha contra el c\u00e1ncer de mama en Nicaragua.<\/p>\n","protected":false},"author":1,"featured_media":0,"parent":0,"menu_order":0,"comment_status":"closed","ping_status":"closed","template":"","meta":{"footnotes":""},"class_list":["post-723","page","type-page","status-publish","hentry"],"rttpg_featured_image_url":null,"rttpg_author":{"display_name":"Administrador UMO-JN","author_link":"https:\/\/umojn.edu.ni\/index.php\/author\/wpadmin\/"},"rttpg_comment":0,"rttpg_category":null,"rttpg_excerpt":"CONVENIO CONFUNDACI\u00d3N ORTIZ GURDI\u00c1N. En el mes de febrero del a\u00f1o 2021, se firma el convenio marco entre la Universidad de Medicina Oriental Jap\u00f3n Nicaragua (UMO-JN) y la Fundaci\u00f3n Ortiz Gurdi\u00e1n (FOG) con el objetivo de fortalecer los v\u00ednculos\u00a0de colaboraci\u00f3n entre ambas instituciones en la lucha contra el c\u00e1ncer de mama en Nicaragua.","_links":{"self":[{"href":"https:\/\/umojn.edu.ni\/index.php\/wp-json\/wp\/v2\/pages\/723","targetHints":{"allow":["GET"]}}],"collection":[{"href":"https:\/\/umojn.edu.ni\/index.php\/wp-json\/wp\/v2\/pages"}],"about":[{"href":"https:\/\/umojn.edu.ni\/index.php\/wp-json\/wp\/v2\/types\/page"}],"author":[{"embeddable":true,"href":"https:\/\/umojn.edu.ni\/index.php\/wp-json\/wp\/v2\/users\/1"}],"replies":[{"embeddable":true,"href":"https:\/\/umojn.edu.ni\/index.php\/wp-json\/wp\/v2\/comments?post=723"}],"version-history":[{"count":2,"href":"https:\/\/umojn.edu.ni\/index.php\/wp-json\/wp\/v2\/pages\/723\/revisions"}],"predecessor-version":[{"id":750,"href":"https:\/\/umojn.edu.ni\/index.php\/wp-json\/wp\/v2\/pages\/723\/revisions\/750"}],"wp:attachment":[{"href":"https:\/\/umojn.edu.ni\/index.php\/wp-json\/wp\/v2\/media?parent=723"}],"curies":[{"name":"wp","href":"https:\/\/api.w.org\/{rel}","templated":true}]}}