{"id":348,"date":"2023-11-23T15:43:15","date_gmt":"2023-11-23T21:43:15","guid":{"rendered":"http:\/\/umojn.edu.ni\/?page_id=348"},"modified":"2026-02-25T13:05:03","modified_gmt":"2026-02-25T19:05:03","slug":"especialidad-en-acupuntura","status":"publish","type":"page","link":"https:\/\/umojn.edu.ni\/index.php\/especialidad-en-acupuntura\/","title":{"rendered":"Especialidad en Acupuntura"},"content":{"rendered":"\n<h2 class=\"wp-block-heading\"><strong>ESPECIALIDAD EN ACUPUNTURA<\/strong><\/h2>\n\n\n\n<p>La Acupuntura es un procedimiento terap\u00e9utico de la medicina tradicional china, desarrollado hace m\u00e1s de tres mil a\u00f1os. Consiste en la inserci\u00f3n de finas agujas en puntos precisos de la piel denominados puntos de acupuntura con la finalidad de equilibrar el flujo de energ\u00eda o fuerza vital, para restablecer o preservar la salud.<\/p>\n\n\n\n<p>Seg\u00fan informes suministrados por la Organizaci\u00f3n Mundial de la Salud el 80 % de 128 pa\u00edses reconoce actualmente la utilizaci\u00f3n de la acupuntura\u201d (Estrategia de la OMS sobre Medicina Tradicional 2014-2023).<\/p>\n\n\n\n<p>La especialidad es para todo profesional que desea aprender acupuntura ya que le proporciona habilidades y destrezas en el manejo integral de la t\u00e9cnica.<\/p>\n\n\n\n<h3 class=\"wp-block-heading\"><strong>1. DATOS GENERALES:<\/strong><\/h3>\n\n\n\n<div class=\"wp-block-columns is-layout-flex wp-container-core-columns-is-layout-9d6595d7 wp-block-columns-is-layout-flex\">\n<div class=\"wp-block-column is-layout-flow wp-block-column-is-layout-flow\">\n<p><strong>T\u00edtulo:<mark style=\"background-color:rgba(0, 0, 0, 0)\" class=\"has-inline-color has-black-color\">&nbsp;Especialista en Acupuntura.<\/mark><\/strong><\/p>\n\n\n\n<p><strong>Total de horas acad\u00e9micas:<\/strong>&nbsp;1,395.<\/p>\n\n\n\n<p><strong>Cr\u00e9ditos acad\u00e9micos:<\/strong>&nbsp;31<\/p>\n\n\n\n<p><strong>R\u00e9gimen Acad\u00e9mico:<\/strong>&nbsp;semestral.<\/p>\n\n\n\n<p><strong>Turno:<\/strong>\u00a0Dominical.<\/p>\n\n\n\n<p><strong>Modalidad:<\/strong>&nbsp;Presencial por encuentros.<\/p>\n\n\n\n<p><strong>Duraci\u00f3n:<\/strong>&nbsp;1 a\u00f1o<\/p>\n\n\n\n<p><strong>Fecha de inicio:&nbsp;<\/strong><\/p>\n\n\n\n<ul class=\"wp-block-list\">\n<li>Domingo 17 de mayo del 2026<\/li>\n<\/ul>\n<\/div>\n\n\n\n<div class=\"wp-block-column is-layout-flow wp-block-column-is-layout-flow\">\n<figure class=\"wp-block-image size-full\"><img loading=\"lazy\" decoding=\"async\" width=\"1024\" height=\"825\" src=\"https:\/\/umojn.edu.ni\/wp-content\/uploads\/2026\/01\/WhatsApp-Image-2026-01-06-at-2.07.34-PM.jpeg\" alt=\"\" class=\"wp-image-2826\"\/><\/figure>\n<\/div>\n<\/div>\n\n\n\n<h3 class=\"wp-block-heading\"><strong>2. REQUISITOS DE INGRESO:<\/strong><\/h3>\n\n\n\n<ul class=\"wp-block-list\">\n<li>Grado de licenciatura<\/li>\n\n\n\n<li>Fotocopia de T\u00edtulo Universitario<\/li>\n\n\n\n<li>Fotocopia de c\u00e9dula<\/li>\n\n\n\n<li>Certificados de notas de la Licenciatura<\/li>\n\n\n\n<li>Curriculum Vitae<\/li>\n\n\n\n<li>Fotograf\u00eda tama\u00f1o carnet.<\/li>\n\n\n\n<li>Llenar hoja de matr\u00edcula<\/li>\n\n\n\n<li>Pagos de aranceles correspondientes<\/li>\n<\/ul>\n\n\n\n<p>Contamos con una planta docente de especialistas con vasta experiencia en los campos de la acupuntura, farmacopuntura, auriculoterapia, electro acupuntura, investigaci\u00f3n y comunicaci\u00f3n.&nbsp;&nbsp; <\/p>\n\n\n<div class=\"wp-block-image\">\n<figure class=\"aligncenter size-full is-resized\"><img loading=\"lazy\" decoding=\"async\" width=\"1131\" height=\"1600\" src=\"https:\/\/umojn.edu.ni\/wp-content\/uploads\/2026\/01\/PLAN-DE-ESTUDIO-ESPECIALIDAD.jpeg\" alt=\"\" class=\"wp-image-2825\" style=\"aspect-ratio:0.7068847630568559;width:528px;height:auto\"\/><\/figure>\n<\/div>","protected":false},"excerpt":{"rendered":"<p>ESPECIALIDAD EN ACUPUNTURA La Acupuntura es un procedimiento terap\u00e9utico de la medicina tradicional china, desarrollado hace m\u00e1s de tres mil a\u00f1os. Consiste en la inserci\u00f3n de finas agujas en puntos precisos de la piel denominados puntos de acupuntura con la finalidad de equilibrar el flujo de energ\u00eda o fuerza vital, para restablecer o preservar la [&hellip;]<\/p>\n","protected":false},"author":1,"featured_media":0,"parent":0,"menu_order":0,"comment_status":"closed","ping_status":"closed","template":"","meta":{"footnotes":""},"class_list":["post-348","page","type-page","status-publish","hentry"],"rttpg_featured_image_url":null,"rttpg_author":{"display_name":"Administrador UMO-JN","author_link":"https:\/\/umojn.edu.ni\/index.php\/author\/wpadmin\/"},"rttpg_comment":0,"rttpg_category":null,"rttpg_excerpt":"ESPECIALIDAD EN ACUPUNTURA La Acupuntura es un procedimiento terap\u00e9utico de la medicina tradicional china, desarrollado hace m\u00e1s de tres mil a\u00f1os. Consiste en la inserci\u00f3n de finas agujas en puntos precisos de la piel denominados puntos de acupuntura con la finalidad de equilibrar el flujo de energ\u00eda o fuerza vital, para restablecer o preservar la&hellip;","_links":{"self":[{"href":"https:\/\/umojn.edu.ni\/index.php\/wp-json\/wp\/v2\/pages\/348","targetHints":{"allow":["GET"]}}],"collection":[{"href":"https:\/\/umojn.edu.ni\/index.php\/wp-json\/wp\/v2\/pages"}],"about":[{"href":"https:\/\/umojn.edu.ni\/index.php\/wp-json\/wp\/v2\/types\/page"}],"author":[{"embeddable":true,"href":"https:\/\/umojn.edu.ni\/index.php\/wp-json\/wp\/v2\/users\/1"}],"replies":[{"embeddable":true,"href":"https:\/\/umojn.edu.ni\/index.php\/wp-json\/wp\/v2\/comments?post=348"}],"version-history":[{"count":20,"href":"https:\/\/umojn.edu.ni\/index.php\/wp-json\/wp\/v2\/pages\/348\/revisions"}],"predecessor-version":[{"id":3191,"href":"https:\/\/umojn.edu.ni\/index.php\/wp-json\/wp\/v2\/pages\/348\/revisions\/3191"}],"wp:attachment":[{"href":"https:\/\/umojn.edu.ni\/index.php\/wp-json\/wp\/v2\/media?parent=348"}],"curies":[{"name":"wp","href":"https:\/\/api.w.org\/{rel}","templated":true}]}}