{"id":334,"date":"2023-11-23T22:35:09","date_gmt":"2023-11-23T21:35:09","guid":{"rendered":"http:\/\/umojn.edu.ni\/?page_id=334"},"modified":"2023-11-24T14:45:03","modified_gmt":"2023-11-24T20:45:03","slug":"masaje-relajante-aplicado-con-terapia-de-ventosas","status":"publish","type":"page","link":"https:\/\/umojn.edu.ni\/index.php\/masaje-relajante-aplicado-con-terapia-de-ventosas\/","title":{"rendered":"Masaje relajante aplicado con terapia de ventosas"},"content":{"rendered":"\n<h3 class=\"wp-block-heading\"><strong>MASAJE RELAJANTE APLICADO CON TERAPIA DE VENTOSA<\/strong><\/h3>\n\n\n\n<ul class=\"wp-block-list\">\n<li>El masaje relajante es una terapia manual destinada a mejorar el bienestar de la persona, ya que su m\u00e1ximo objetivo es aumentar la producci\u00f3n de endorfinas en nuestro cuerpo. Los beneficios de un masaje relajante van mucho m\u00e1s all\u00e1 de ofrecer al cuerpo y a la mente un estado profundo de bienestar y relajaci\u00f3n. Los beneficios de las ventosas est\u00e1n comprobados e incluyen el alivio del dolor y el rejuvenecimiento de la piel.<\/li>\n\n\n\n<li>La vacumterapia es un antiguo tratamiento de terapia alternativa en el que se colocan ventosas en la piel para crear una succi\u00f3n similar a la del vac\u00edo. La combinaci\u00f3n de ambas terapias proporciona alivio del dolor, adem\u00e1s, aumento de irrigaci\u00f3n sangu\u00ednea, aumento de la circulaci\u00f3n linf\u00e1tica (disminuir edemas), aumento del metabolismo celular, aumento del ox\u00edgeno y nutrientes de los tejidos, entre otros beneficios<\/li>\n<\/ul>\n\n\n\n<figure class=\"wp-block-image size-full is-resized\"><img loading=\"lazy\" decoding=\"async\" width=\"1200\" height=\"1600\" src=\"https:\/\/umojn.edu.ni\/wp-content\/uploads\/2023\/11\/IMG-20230508-WA0011.jpg\" alt=\"\" class=\"wp-image-479\" style=\"width:410px;height:auto\"\/><\/figure>\n","protected":false},"excerpt":{"rendered":"<p>MASAJE RELAJANTE APLICADO CON TERAPIA DE VENTOSA<\/p>\n","protected":false},"author":1,"featured_media":0,"parent":0,"menu_order":0,"comment_status":"closed","ping_status":"closed","template":"","meta":{"footnotes":""},"class_list":["post-334","page","type-page","status-publish","hentry"],"rttpg_featured_image_url":null,"rttpg_author":{"display_name":"Administrador UMO-JN","author_link":"https:\/\/umojn.edu.ni\/index.php\/author\/wpadmin\/"},"rttpg_comment":0,"rttpg_category":null,"rttpg_excerpt":"MASAJE RELAJANTE APLICADO CON TERAPIA DE VENTOSA","_links":{"self":[{"href":"https:\/\/umojn.edu.ni\/index.php\/wp-json\/wp\/v2\/pages\/334","targetHints":{"allow":["GET"]}}],"collection":[{"href":"https:\/\/umojn.edu.ni\/index.php\/wp-json\/wp\/v2\/pages"}],"about":[{"href":"https:\/\/umojn.edu.ni\/index.php\/wp-json\/wp\/v2\/types\/page"}],"author":[{"embeddable":true,"href":"https:\/\/umojn.edu.ni\/index.php\/wp-json\/wp\/v2\/users\/1"}],"replies":[{"embeddable":true,"href":"https:\/\/umojn.edu.ni\/index.php\/wp-json\/wp\/v2\/comments?post=334"}],"version-history":[{"count":4,"href":"https:\/\/umojn.edu.ni\/index.php\/wp-json\/wp\/v2\/pages\/334\/revisions"}],"predecessor-version":[{"id":483,"href":"https:\/\/umojn.edu.ni\/index.php\/wp-json\/wp\/v2\/pages\/334\/revisions\/483"}],"wp:attachment":[{"href":"https:\/\/umojn.edu.ni\/index.php\/wp-json\/wp\/v2\/media?parent=334"}],"curies":[{"name":"wp","href":"https:\/\/api.w.org\/{rel}","templated":true}]}}