{"id":328,"date":"2023-11-23T22:34:21","date_gmt":"2023-11-23T21:34:21","guid":{"rendered":"http:\/\/umojn.edu.ni\/?page_id=328"},"modified":"2023-11-25T09:13:45","modified_gmt":"2023-11-25T15:13:45","slug":"reflexologia-podal","status":"publish","type":"page","link":"https:\/\/umojn.edu.ni\/index.php\/reflexologia-podal\/","title":{"rendered":"Reflexolog\u00eda Podal"},"content":{"rendered":"\n<h2 class=\"wp-block-heading\"><strong>REFLEXOLOG\u00cdA PODAL<\/strong><\/h2>\n\n\n\n<p>La Reflexolog\u00eda Podal es una t\u00e9cnica terap\u00e9utica basada en la estimulaci\u00f3n de puntos sobre los pies, denominados zonas reflejas. Es un m\u00e9todo para activar los poderes curativos del cuerpo, con la aplicaci\u00f3n de un masaje manual que aplica presi\u00f3n para producir efectos espec\u00edficos en otras partes del cuerpo.<\/p>\n\n\n\n<figure class=\"wp-block-image size-full is-resized\"><img loading=\"lazy\" decoding=\"async\" width=\"783\" height=\"603\" src=\"https:\/\/umojn.edu.ni\/wp-content\/uploads\/2023\/11\/274710277_2491831417619756_5002847539864142034_n.jpg\" alt=\"\" class=\"wp-image-470\" style=\"width:540px;height:auto\"\/><\/figure>\n","protected":false},"excerpt":{"rendered":"<p>REFLEXOLOG\u00cdA PODAL La Reflexolog\u00eda Podal es una t\u00e9cnica terap\u00e9utica basada en la estimulaci\u00f3n de puntos sobre los pies, denominados zonas reflejas. Es un m\u00e9todo para activar los poderes curativos del cuerpo, con la aplicaci\u00f3n de un masaje manual que aplica presi\u00f3n para producir efectos espec\u00edficos en otras partes del cuerpo.<\/p>\n","protected":false},"author":1,"featured_media":0,"parent":0,"menu_order":0,"comment_status":"closed","ping_status":"closed","template":"","meta":{"footnotes":""},"class_list":["post-328","page","type-page","status-publish","hentry"],"rttpg_featured_image_url":null,"rttpg_author":{"display_name":"Administrador UMO-JN","author_link":"https:\/\/umojn.edu.ni\/index.php\/author\/wpadmin\/"},"rttpg_comment":0,"rttpg_category":null,"rttpg_excerpt":"REFLEXOLOG\u00cdA PODAL La Reflexolog\u00eda Podal es una t\u00e9cnica terap\u00e9utica basada en la estimulaci\u00f3n de puntos sobre los pies, denominados zonas reflejas. Es un m\u00e9todo para activar los poderes curativos del cuerpo, con la aplicaci\u00f3n de un masaje manual que aplica presi\u00f3n para producir efectos espec\u00edficos en otras partes del cuerpo.","_links":{"self":[{"href":"https:\/\/umojn.edu.ni\/index.php\/wp-json\/wp\/v2\/pages\/328","targetHints":{"allow":["GET"]}}],"collection":[{"href":"https:\/\/umojn.edu.ni\/index.php\/wp-json\/wp\/v2\/pages"}],"about":[{"href":"https:\/\/umojn.edu.ni\/index.php\/wp-json\/wp\/v2\/types\/page"}],"author":[{"embeddable":true,"href":"https:\/\/umojn.edu.ni\/index.php\/wp-json\/wp\/v2\/users\/1"}],"replies":[{"embeddable":true,"href":"https:\/\/umojn.edu.ni\/index.php\/wp-json\/wp\/v2\/comments?post=328"}],"version-history":[{"count":3,"href":"https:\/\/umojn.edu.ni\/index.php\/wp-json\/wp\/v2\/pages\/328\/revisions"}],"predecessor-version":[{"id":564,"href":"https:\/\/umojn.edu.ni\/index.php\/wp-json\/wp\/v2\/pages\/328\/revisions\/564"}],"wp:attachment":[{"href":"https:\/\/umojn.edu.ni\/index.php\/wp-json\/wp\/v2\/media?parent=328"}],"curies":[{"name":"wp","href":"https:\/\/api.w.org\/{rel}","templated":true}]}}