{"id":325,"date":"2023-11-23T22:34:04","date_gmt":"2023-11-23T21:34:04","guid":{"rendered":"http:\/\/umojn.edu.ni\/?page_id=325"},"modified":"2024-08-07T10:27:10","modified_gmt":"2024-08-07T16:27:10","slug":"masaje-shiatsu","status":"publish","type":"page","link":"https:\/\/umojn.edu.ni\/index.php\/masaje-shiatsu\/","title":{"rendered":"Masaje Shiatsu"},"content":{"rendered":"\n<h2 class=\"wp-block-heading\">     <strong> MASAJE SHIATSU<\/strong><\/h2>\n\n\n\n<ul class=\"wp-block-list\">\n<li>Es una t\u00e9cnica de masaje originado en Jap\u00f3n, tiene los mismos principios de la acupuntura. Significa Shi\u201d dedo, \u201cAtsu\u201d presi\u00f3n, es una terapia de digito presi\u00f3n en distintos puntos de acupuntura, con el objetivo principal de mejorar la salud del paciente.<\/li>\n\n\n\n<li>El Shiatsu ofrece una soluci\u00f3n natural al estr\u00e9s del d\u00eda a d\u00eda y es accesible para todos.<\/li>\n<\/ul>\n\n\n\n<div class=\"wp-block-columns is-layout-flex wp-container-core-columns-is-layout-9d6595d7 wp-block-columns-is-layout-flex\">\n<div class=\"wp-block-column is-layout-flow wp-block-column-is-layout-flow\" style=\"flex-basis:100%\"><\/div>\n<\/div>\n\n\n\n<figure class=\"wp-block-image size-full is-resized\"><img loading=\"lazy\" decoding=\"async\" width=\"998\" height=\"777\" src=\"https:\/\/umojn.edu.ni\/wp-content\/uploads\/2023\/11\/Shiatsuweb.jpeg\" alt=\"\" class=\"wp-image-562\" style=\"width:531px;height:auto\"\/><\/figure>\n\n\n\n<figure class=\"wp-block-gallery has-nested-images columns-default is-cropped wp-block-gallery-1 is-layout-flex wp-block-gallery-is-layout-flex\">\n<figure class=\"wp-block-image size-large\"><img loading=\"lazy\" decoding=\"async\" width=\"972\" height=\"448\" data-id=\"1645\" src=\"https:\/\/umojn.edu.ni\/wp-content\/uploads\/2024\/08\/20240721_111216.jpg\" alt=\"\" class=\"wp-image-1645\"\/><\/figure>\n<\/figure>\n","protected":false},"excerpt":{"rendered":"<p>MASAJE SHIATSU<\/p>\n","protected":false},"author":1,"featured_media":0,"parent":0,"menu_order":0,"comment_status":"closed","ping_status":"closed","template":"","meta":{"footnotes":""},"class_list":["post-325","page","type-page","status-publish","hentry"],"rttpg_featured_image_url":null,"rttpg_author":{"display_name":"Administrador UMO-JN","author_link":"https:\/\/umojn.edu.ni\/index.php\/author\/wpadmin\/"},"rttpg_comment":0,"rttpg_category":null,"rttpg_excerpt":"MASAJE SHIATSU","_links":{"self":[{"href":"https:\/\/umojn.edu.ni\/index.php\/wp-json\/wp\/v2\/pages\/325","targetHints":{"allow":["GET"]}}],"collection":[{"href":"https:\/\/umojn.edu.ni\/index.php\/wp-json\/wp\/v2\/pages"}],"about":[{"href":"https:\/\/umojn.edu.ni\/index.php\/wp-json\/wp\/v2\/types\/page"}],"author":[{"embeddable":true,"href":"https:\/\/umojn.edu.ni\/index.php\/wp-json\/wp\/v2\/users\/1"}],"replies":[{"embeddable":true,"href":"https:\/\/umojn.edu.ni\/index.php\/wp-json\/wp\/v2\/comments?post=325"}],"version-history":[{"count":6,"href":"https:\/\/umojn.edu.ni\/index.php\/wp-json\/wp\/v2\/pages\/325\/revisions"}],"predecessor-version":[{"id":1646,"href":"https:\/\/umojn.edu.ni\/index.php\/wp-json\/wp\/v2\/pages\/325\/revisions\/1646"}],"wp:attachment":[{"href":"https:\/\/umojn.edu.ni\/index.php\/wp-json\/wp\/v2\/media?parent=325"}],"curies":[{"name":"wp","href":"https:\/\/api.w.org\/{rel}","templated":true}]}}